{"id":1601,"date":"2017-01-24T10:27:26","date_gmt":"2017-01-24T10:27:26","guid":{"rendered":"http:\/\/wedding-planner.freevision.me\/?page_id=606"},"modified":"2017-01-24T10:27:26","modified_gmt":"2017-01-24T10:27:26","slug":"contact","status":"publish","type":"page","link":"https:\/\/mianotteevent.com\/index.php\/contact\/","title":{"rendered":"CONTACT"},"content":{"rendered":"<div class=\"wpb-content-wrapper\"><p>[vc_row css=&#8221;.vc_custom_1485254065501{margin-top: 0px !important;margin-bottom: 0px !important;padding-top: 60px !important;padding-bottom: 60px !important;}&#8221;][vc_column width=&#8221;1\/3&#8243;]<div id=\"tile-with-icon_icon1944\" class=\"title-with-icon-wrapper clear large \" data-color=\"\">\r\n\t\t\t<div class=\"wpb_content_element title-with-icon clearfix margin-bottom-0 \"><span  style=\"color:#c09e6f !important;background-color: !important;\" class=\"oic-location-1 clear large \" ><\/span><h3 style=\"color:#000000\">Address<\/h3>\r\n\t\t\t<\/div><div class=\"wpb_content_element left-cs title-with-icon-content large clearfix\" style=\"color:#000000\">9870 St Vincent Place,<br \/>\nGlasgow, DC 45 Fr 45.<\/div><\/div>[\/vc_column][vc_column width=&#8221;1\/3&#8243;]<div id=\"tile-with-icon_icon6444\" class=\"title-with-icon-wrapper clear large \" data-color=\"\">\r\n\t\t\t<div class=\"wpb_content_element title-with-icon clearfix margin-bottom-0 \"><span  style=\"color:#c09e6f !important;background-color: !important;\" class=\"oic-telephone clear large \" ><\/span><h3 style=\"color:#000000\">Phone<\/h3>\r\n\t\t\t<\/div><div class=\"wpb_content_element left-cs title-with-icon-content large clearfix\" style=\"color:#000000\"><strong>Freephone:<\/strong> +1 800 559 6580<br \/>\n<strong>Telephone:<\/strong> +1 800 603 6035<br \/>\n<strong>FAX:<\/strong> +1 800 889 9898<\/div><\/div>[\/vc_column][vc_column width=&#8221;1\/3&#8243;]<div id=\"tile-with-icon_icon6027\" class=\"title-with-icon-wrapper clear large \" data-color=\"\">\r\n\t\t\t<div class=\"wpb_content_element title-with-icon clearfix margin-bottom-0 \"><span  style=\"color:#c09e6f !important;background-color: !important;\" class=\"oic-monitor clear large \" ><\/span><h3 style=\"color:#000000\">E-Mail<\/h3>\r\n\t\t\t<\/div><div class=\"wpb_content_element left-cs title-with-icon-content large clearfix\" style=\"color:#000000\"><\/p>\n<div class=\"text-xs-left unit-body\">E-mail: <a href=\"mailto:mail@demolink.com\">mail@demolink.com<\/a><\/div>\n<div class=\"text-xs-left unit-body\">&amp; include details about your day<\/div>\n<p><\/div><\/div>[\/vc_column][\/vc_row][vc_row][vc_column]<h1 class=\"ozy-divider-cap-center wpb_content_element \"  style=\"color:#000000\" >Feedback<\/h1><div class=\"ozy-content-divider \" style=\"border-top-style:solid;border-top-width:2px;border-top-color:#c09e6f!important;width:40px;max-width:40px;margin:20px auto;\"><\/div>[vc_column_text css=&#8221;.vc_custom_1485258824909{margin-bottom: 30px !important;}&#8221;]<\/p>\n<p style=\"text-align: center;\">We would love to hear from you! Contact us directly filling this form.<\/p>\n<p>[\/vc_column_text]<p class=\"wpcf7-contact-form-not-found\"><strong>Hata:<\/strong> \u0130leti\u015fim formu bulunamad\u0131.<\/p>[vc_column_text css=&#8221;.vc_custom_1485260071151{margin-top: 0px !important;margin-bottom: 30px !important;padding-top: 0px !important;}&#8221;]<\/p>\n<p style=\"text-align: center;\"><strong><span style=\"font-size: 10pt;\">Please fill required fields *<\/span><\/strong><\/p>\n<p>[\/vc_column_text][\/vc_column][\/vc_row][vc_row full_width=&#8221;stretch_row_content_no_spaces&#8221;][vc_column]<div class=\"ozy-google-map \" \r\n\t\t\tdata-address=\"27 Old Gloucester St London, United Kingdom\" \r\n\t\t\tdata-zoom=\"12\" \r\n\t\t\tdata-hue=\"#c09e6f\" \r\n\t\t\tdata-saturation=\"-30\" \r\n\t\t\tdata-lightness=\"30\" \r\n\t\t\tdata-height=\"350px\" \r\n\t\t\tdata-icon=\"https:\/\/mianotteevent.com\/wp-content\/uploads\/2017\/01\/favico-2.gif\" style=\"height:350px\"><\/div><div class=\"gmap-infobox-wrapper\"><div id=\"gmap-infobox\" class=\"content-font\">27 Old Gloucester St London, United Kingdom<br \/>\n(212) 691-4165 (phone)<br \/>\n(646) 486-6599 (fax)<\/div><\/div>[\/vc_column][\/vc_row]<\/p>\n<\/div>","protected":false},"excerpt":{"rendered":"<p>[vc_row css=&#8221;.vc_custom_1485254065501{margin-top: 0px !important;margin-bottom: 0px !important;padding-top: 60px !important;padding-bottom: 60px !important;}&#8221;][vc_column width=&#8221;1\/3&#8243;][\/vc_column][vc_column width=&#8221;1\/3&#8243;][\/vc_column][vc_column width=&#8221;1\/3&#8243;][\/vc_column][\/vc_row][vc_row][vc_column][vc_column_text css=&#8221;.vc_custom_1485258824909{margin-bottom: 30px !important;}&#8221;] We would love to hear from you! Contact us directly filling this form. [\/vc_column_text][vc_column_text [&hellip;]<\/p>\n","protected":false},"author":1,"featured_media":0,"parent":0,"menu_order":0,"comment_status":"closed","ping_status":"closed","template":"","meta":{"footnotes":""},"class_list":["post-1601","page","type-page","status-publish","hentry"],"_links":{"self":[{"href":"https:\/\/mianotteevent.com\/index.php\/wp-json\/wp\/v2\/pages\/1601","targetHints":{"allow":["GET"]}}],"collection":[{"href":"https:\/\/mianotteevent.com\/index.php\/wp-json\/wp\/v2\/pages"}],"about":[{"href":"https:\/\/mianotteevent.com\/index.php\/wp-json\/wp\/v2\/types\/page"}],"author":[{"embeddable":true,"href":"https:\/\/mianotteevent.com\/index.php\/wp-json\/wp\/v2\/users\/1"}],"replies":[{"embeddable":true,"href":"https:\/\/mianotteevent.com\/index.php\/wp-json\/wp\/v2\/comments?post=1601"}],"version-history":[{"count":0,"href":"https:\/\/mianotteevent.com\/index.php\/wp-json\/wp\/v2\/pages\/1601\/revisions"}],"wp:attachment":[{"href":"https:\/\/mianotteevent.com\/index.php\/wp-json\/wp\/v2\/media?parent=1601"}],"curies":[{"name":"wp","href":"https:\/\/api.w.org\/{rel}","templated":true}]}}